{"id":56,"date":"2020-08-10T15:29:35","date_gmt":"2020-08-10T15:29:35","guid":{"rendered":"http:\/\/physio-buseck.de\/?page_id=56"},"modified":"2020-08-11T09:52:20","modified_gmt":"2020-08-11T09:52:20","slug":"ueber-uns","status":"publish","type":"page","link":"https:\/\/physio-buseck.de\/?page_id=56","title":{"rendered":"\u00dcber uns"},"content":{"rendered":"\n<p>Wir sind eine Praxis, die nicht nur in zweiter (Familien-) Generation gef\u00fchrt wird, sondern auch im Team in erster Linie famil\u00e4r miteinander umgeht. <br><br>Fachlich bildet J\u00f6rg K\u00fchbandner als Inhaber den Mittelpunkt des therapeutischen Schaffens. <br>Das Team setzt sich aktuell zusammen aus:<br>Martin Hohberg (Physiotherapeut)<br>Kathleen Hofmann-Kumpf (Masseurin u. med. Bademeisterin)<br>Hans-J\u00fcrgen Weiberg (Masseur u. med. Bademeister)<br>sowie dem Rezeptionsteam, bestehend aus:<br>Heike K\u00fchbandner<br>Petra St\u00fctzer<br>Monika Monter<br><br>Wichtig ist uns der pers\u00f6nliche Umgang untereinander und auch den Patienten gegen\u00fcber. Buseck ist im weitesten Sinne noch immer ein Dorf und so pflegen wir auch einen sehr geerdeten Umgang mit unseren meist langj\u00e4hrigen Patientinnen und Patienten, ohne dabei die Regeln der Diskretion zu verletzen!<br><br>Wir suchen \u00fcbrigens aktuell Physiotherapeut(en) zur Erg\u00e4nzung unseres Teams! Infos dazu gibt es <a rel=\"noreferrer noopener\" href=\"https:\/\/physio-buseck.de\/?page_id=30\" target=\"_blank\">hier<\/a>.<\/p>\n\n\n\n<hr class=\"wp-block-separator\"\/>\n\n\n\n<div class=\"wp-block-media-text alignwide is-stacked-on-mobile\" style=\"grid-template-columns:32% auto\"><figure class=\"wp-block-media-text__media\"><img loading=\"lazy\" decoding=\"async\" width=\"400\" height=\"459\" src=\"https:\/\/physio-buseck.de\/wp-content\/uploads\/2020\/08\/joerg-vita-1.png\" alt=\"\" class=\"wp-image-68\" srcset=\"https:\/\/physio-buseck.de\/wp-content\/uploads\/2020\/08\/joerg-vita-1.png 400w, https:\/\/physio-buseck.de\/wp-content\/uploads\/2020\/08\/joerg-vita-1-261x300.png 261w\" sizes=\"auto, (max-width: 400px) 100vw, 400px\" \/><\/figure><div class=\"wp-block-media-text__content\">\n<h2 class=\"wp-block-heading\"><strong>Vita J\u00f6rg K\u00fchbandner<\/strong><\/h2>\n<\/div><\/div>\n\n\n\n<p>beruflicher Werdegang:<\/p>\n\n\n\n<p>1983 Ausbildung zum Krankenpflegehelfer<\/p>\n\n\n\n<p>1985 Ausbildung zum Masseur und med. Bademeister<\/p>\n\n\n\n<p>1987 Fortbildung manuelle Lymphdrainage<\/p>\n\n\n\n<p>1992 Ausbildung zum Physiotherapeuten<\/p>\n\n\n\n<p>1993 Fortbildung manuelle Therapie<\/p>\n\n\n\n<p>1995 Er\u00f6ffnung der eigenen Praxis<\/p>\n\n\n\n<p>2002 Fortbildung PNF<\/p>\n\n\n\n<p>2004-2009 Ausbildung zum Osteopathen<\/p>\n","protected":false},"excerpt":{"rendered":"<p>Wir sind eine Praxis, die nicht nur in zweiter (Familien-) Generation gef\u00fchrt wird, sondern auch im Team in erster Linie famil\u00e4r miteinander umgeht. Fachlich bildet J\u00f6rg K\u00fchbandner als Inhaber den Mittelpunkt des therapeutischen Schaffens. Das Team setzt sich aktuell zusammen aus:Martin Hohberg (Physiotherapeut)Kathleen Hofmann-Kumpf (Masseurin u. med. Bademeisterin)Hans-J\u00fcrgen Weiberg (Masseur u. med. Bademeister)sowie dem Rezeptionsteam, &hellip; <\/p>\n<p class=\"link-more\"><a href=\"https:\/\/physio-buseck.de\/?page_id=56\" class=\"more-link\"><span class=\"screen-reader-text\">\u201e\u00dcber uns\u201c <\/span>weiterlesen<\/a><\/p>\n","protected":false},"author":1,"featured_media":0,"parent":0,"menu_order":0,"comment_status":"closed","ping_status":"closed","template":"","meta":{"footnotes":""},"class_list":["post-56","page","type-page","status-publish","hentry"],"_links":{"self":[{"href":"https:\/\/physio-buseck.de\/index.php?rest_route=\/wp\/v2\/pages\/56","targetHints":{"allow":["GET"]}}],"collection":[{"href":"https:\/\/physio-buseck.de\/index.php?rest_route=\/wp\/v2\/pages"}],"about":[{"href":"https:\/\/physio-buseck.de\/index.php?rest_route=\/wp\/v2\/types\/page"}],"author":[{"embeddable":true,"href":"https:\/\/physio-buseck.de\/index.php?rest_route=\/wp\/v2\/users\/1"}],"replies":[{"embeddable":true,"href":"https:\/\/physio-buseck.de\/index.php?rest_route=%2Fwp%2Fv2%2Fcomments&post=56"}],"version-history":[{"count":6,"href":"https:\/\/physio-buseck.de\/index.php?rest_route=\/wp\/v2\/pages\/56\/revisions"}],"predecessor-version":[{"id":71,"href":"https:\/\/physio-buseck.de\/index.php?rest_route=\/wp\/v2\/pages\/56\/revisions\/71"}],"wp:attachment":[{"href":"https:\/\/physio-buseck.de\/index.php?rest_route=%2Fwp%2Fv2%2Fmedia&parent=56"}],"curies":[{"name":"wp","href":"https:\/\/api.w.org\/{rel}","templated":true}]}}

Über uns

<p>Wir sind eine Praxis, die nicht nur in zweiter (Familien-) Generation geführt wird, sondern auch im Team in erster Linie familär miteinander umgeht. <br><br>Fachlich bildet Jörg Kühbandner als Inhaber den Mittelpunkt des therapeutischen Schaffens. <br>Das Team setzt sich aktuell zusammen aus:<br>Martin Hohberg (Physiotherapeut)<br>Kathleen Hofmann-Kumpf (Masseurin u. med. Bademeisterin)<br>Hans-Jürgen Weiberg (Masseur u. med. Bademeister)<br>sowie dem Rezeptionsteam, bestehend aus:<br>Heike Kühbandner<br>Petra Stützer<br>Monika Monter<br><br>Wichtig ist uns der persönliche Umgang untereinander und auch den Patienten gegenüber. Buseck ist im weitesten Sinne noch immer ein Dorf und so pflegen wir auch einen sehr geerdeten Umgang mit unseren meist langjährigen Patientinnen und Patienten, ohne dabei die Regeln der Diskretion zu verletzen!<br><br>Wir suchen übrigens aktuell Physiotherapeut(en) zur Ergänzung unseres Teams! Infos dazu gibt es <a rel="noreferrer noopener" href="https://physio-buseck.de/?page_id=30" target="_blank">hier</a>.</p>



<hr class="wp-block-separator"/>



<div class="wp-block-media-text alignwide is-stacked-on-mobile" style="grid-template-columns:32% auto"><figure class="wp-block-media-text__media"><img loading="lazy" decoding="async" width="400" height="459" src="https://physio-buseck.de/wp-content/uploads/2020/08/joerg-vita-1.png" alt="" class="wp-image-68" srcset="https://physio-buseck.de/wp-content/uploads/2020/08/joerg-vita-1.png 400w, https://physio-buseck.de/wp-content/uploads/2020/08/joerg-vita-1-261x300.png 261w" sizes="auto, (max-width: 400px) 100vw, 400px" /></figure><div class="wp-block-media-text__content">
<h2 class="wp-block-heading"><strong>Vita Jörg Kühbandner</strong></h2>
</div></div>



<p>beruflicher Werdegang:</p>



<p>1983 Ausbildung zum Krankenpflegehelfer</p>



<p>1985 Ausbildung zum Masseur und med. Bademeister</p>



<p>1987 Fortbildung manuelle Lymphdrainage</p>



<p>1992 Ausbildung zum Physiotherapeuten</p>



<p>1993 Fortbildung manuelle Therapie</p>



<p>1995 Eröffnung der eigenen Praxis</p>



<p>2002 Fortbildung PNF</p>



<p>2004-2009 Ausbildung zum Osteopathen</p>

<p>Wir sind eine Praxis, die nicht nur in zweiter (Familien-) Generation geführt wird, sondern auch im Team in erster Linie familär miteinander umgeht. Fachlich bildet Jörg Kühbandner als Inhaber den Mittelpunkt des therapeutischen Schaffens. Das Team setzt sich aktuell zusammen aus:Martin Hohberg (Physiotherapeut)Kathleen Hofmann-Kumpf (Masseurin u. med. Bademeisterin)Hans-Jürgen Weiberg (Masseur u. med. Bademeister)sowie dem Rezeptionsteam, &hellip; </p>
<p class="link-more"><a href="https://physio-buseck.de/?page_id=56" class="more-link"><span class="screen-reader-text">„Über uns“ </span>weiterlesen</a></p>
